{"id":109,"date":"2026-02-19T15:29:42","date_gmt":"2026-02-19T14:29:42","guid":{"rendered":"https:\/\/www.yuri.dk\/?page_id=109"},"modified":"2026-02-19T15:30:28","modified_gmt":"2026-02-19T14:30:28","slug":"109-2","status":"publish","type":"page","link":"https:\/\/www.yuri.dk\/?page_id=109","title":{"rendered":"Transport Tycoon"},"content":{"rendered":"\n<p>Biler har altid interesseret mig, og jeg fik ogs\u00e5 hurtigt \u00f8jnene op for motorcykler. I en periode har jeg ogs\u00e5 dyrket veteranknallerter, men det har der i en del \u00e5r ikke v\u00e6ret s\u00e5 meget tid til. Jeg deltager ogs\u00e5 p\u00e5 tr\u00e6f n\u00e5r det er muligt for mig at f\u00e5 tid til det og jeg finder et tr\u00e6f jeg er interesseret i. Jeg er medlem i Christianias Veteranbilklub, hvor jeg dog prim\u00e6rt restaurerer motorcykler, knallerter og cykler.<\/p>\n\n\n\n<p>Oprindeligt var jeg en Ford-mand, men er senere blevet meget tiltrukket af stabiliteten af Toyota helt bestemt er blevet et af mine foretrukne bilm\u00e6rker!<\/p>\n\n\n\n<p>Her p\u00e5 siden vil I kunne se mine biler oppe i menuen kan I s\u00e5 senere kunne finde underpunkter til mine motorcykler, knallerter og cykler.<\/p>\n\n\n\n<h3 class=\"wp-block-heading\">2019 Toyota Camry 2.5 Hybrid H4<\/h3>\n\n\n\n<p>Vi skiftede min hustrus Renault Kadjar ud lidt efter vi blev gift for at f\u00e5 og en lidt mere stabil bil &#8211; og selvom hun egentligt gerne ville have en SUV s\u00e5 faldt det dog til sidst p\u00e5 en sedan.<\/p>\n\n\n\n<p>Camryen er bygget p\u00e5 samme platform som den samtidige RAV4 &#8211; men hvis I sp\u00f8rger mig s\u00e5 er det alts\u00e5 en l\u00e6kre bil end RAV4. Der er ikke s\u00e5 mange af dem ude p\u00e5 vejene og Toyota regnede aldrig med at s\u00e6lge mange af dem i Europa i den korte periode den var tilbage.<\/p>\n\n\n\n<p>Vi valgte at hoppe p\u00e5 topudstyrsmodellen H4 &#8211; de fleste man finder til salg er H3 og s\u00e6rligt H3 Exclusive som ans\u00e5s at v\u00e6re most value for money; H4 har lidt mere udstyr, men prisen var noget h\u00f8jere. Vi k\u00f8bte vores brugt (under 30.000 km p\u00e5 tre \u00e5r) med en del ekstraudstyr &#8211; til samme pris som en brugt H3 Exclusive (med flere kilometre p\u00e5 t\u00e6lleren) s\u00e5 vi syntes det var et fint valgt: Med H4 fik vi derved elektrisk rullegardin p\u00e5 bags\u00e6derne hvilket vi fandt ideelt med et barn p\u00e5 vej som jo gerne skulle sove lidt.<\/p>\n\n\n\n<p>I mange \u00e5r var det min hustru som k\u00f8rte i Camryen, men da jeg skiftede arbejde der l\u00e5 langt fra vores hjem valgte vi at bytte bil s\u00e5 jeg k\u00f8rer prim\u00e6rt i Camryen og hun k\u00f8rer prim\u00e6rt i min Yaris.<\/p>\n\n\n\n<figure class=\"wp-block-image size-large\"><img loading=\"lazy\" decoding=\"async\" width=\"1024\" height=\"768\" src=\"https:\/\/www.yuri.dk\/wp-content\/uploads\/2026\/02\/2019-ToyotaCamry-1024x768.jpg\" alt=\"\" class=\"wp-image-110\" srcset=\"https:\/\/www.yuri.dk\/wp-content\/uploads\/2026\/02\/2019-ToyotaCamry-1024x768.jpg 1024w, https:\/\/www.yuri.dk\/wp-content\/uploads\/2026\/02\/2019-ToyotaCamry-300x225.jpg 300w, https:\/\/www.yuri.dk\/wp-content\/uploads\/2026\/02\/2019-ToyotaCamry-768x576.jpg 768w, https:\/\/www.yuri.dk\/wp-content\/uploads\/2026\/02\/2019-ToyotaCamry-1536x1152.jpg 1536w, https:\/\/www.yuri.dk\/wp-content\/uploads\/2026\/02\/2019-ToyotaCamry-2048x1536.jpg 2048w\" sizes=\"auto, (max-width: 1024px) 100vw, 1024px\" \/><\/figure>\n\n\n\n<h3 class=\"wp-block-heading\">2004 Toyota Yaris 1.3 Sol<\/h3>\n\n\n\n<p>Min egen lille bil! Jeg k\u00f8bte den af min far som havde haft den fra ny, og som var en topudstyrsmodel (Sol) med en del ekstraudstyr, heriblandt specielsyede l\u00e6ders\u00e6der, leveret af Toyota p\u00e5 bestilling.<\/p>\n\n\n\n<p>Meget kan man sige om gamle biler (den var 18 \u00e5r da jeg overtog den), men den k\u00f8rer alts\u00e5 stadig godt her snart 22 \u00e5r efter at den blev indregistreret f\u00f8rste gang (skrevet i februar 2026). Der har v\u00e6ret nogle mindre reparationer, men det har prim\u00e6rt v\u00e6ret normale sliddele og minimal rust.<\/p>\n\n\n\n<p>Holder den 22 \u00e5r mere? Det ved jeg ikke &#8211; jeg tvivler dog, b\u00e5de da der jo er mere elektronik i disse &#8220;gamle&#8221; biler frem for de &#8220;rigtige&#8221; gamle biler, og hvem ved om det overhovedet vil v\u00e6re &#8220;legalt&#8221; at have s\u00e5dan en svinsk hobby inden alt for l\u00e6nge&#8230;?<\/p>\n\n\n\n<figure class=\"wp-block-image size-large\"><img loading=\"lazy\" decoding=\"async\" width=\"1024\" height=\"682\" src=\"https:\/\/www.yuri.dk\/wp-content\/uploads\/2026\/02\/2004-ToyotaYaris-1024x682.jpg\" alt=\"\" class=\"wp-image-111\" srcset=\"https:\/\/www.yuri.dk\/wp-content\/uploads\/2026\/02\/2004-ToyotaYaris-1024x682.jpg 1024w, https:\/\/www.yuri.dk\/wp-content\/uploads\/2026\/02\/2004-ToyotaYaris-300x200.jpg 300w, https:\/\/www.yuri.dk\/wp-content\/uploads\/2026\/02\/2004-ToyotaYaris-768x512.jpg 768w, https:\/\/www.yuri.dk\/wp-content\/uploads\/2026\/02\/2004-ToyotaYaris-1536x1024.jpg 1536w, https:\/\/www.yuri.dk\/wp-content\/uploads\/2026\/02\/2004-ToyotaYaris-2048x1365.jpg 2048w\" sizes=\"auto, (max-width: 1024px) 100vw, 1024px\" \/><\/figure>\n\n\n\n<h3 class=\"wp-block-heading\">1961 Hillman Minx IIIC<\/h3>\n\n\n\n<p>Denne Hillman Minx &#8211; eller Hillman Sunbird 1600 som den ogs\u00e5 blev kaldt var en veteranbil som jeg fik fat i ved lidt af et tilf\u00e6lde: En man skulle flytte og skulle af med bilen &#8211; billigt. S\u00e5 jeg slog til og fik den bugseret op p\u00e5 et v\u00e6rksted hvor vi kunne g\u00e5 den igennem. Kort efter startede den op &#8211; p\u00e5 gammel benzin og k\u00f8rte helt fint. Der var nogle sm\u00e5justeringer der lige skulle laves, men generelt var motoren i rigtig fin stand.<\/p>\n\n\n\n<p>Undervognen tr\u00e6ngte til en h\u00e5nd; bilen havde st\u00e5et med vand i, da forruden ikke sad med t\u00e6tningsliste (som dog fulgte med), s\u00e5 der var lidt der skulle laves i bunden og helt klassiske rusthuller i panelerne skulle ogs\u00e5 lappes.<\/p>\n\n\n\n<p>P\u00e5 grund af vandet i bilen skulle alle m\u00e5tter kasseres og passagerdelen af fors\u00e6det havde ogs\u00e5 f\u00e5et vandskade s\u00e5 den tr\u00e6ngte ogs\u00e5 til en dygtig syerske.<\/p>\n\n\n\n<figure class=\"wp-block-image size-large\"><img loading=\"lazy\" decoding=\"async\" width=\"1024\" height=\"768\" src=\"https:\/\/www.yuri.dk\/wp-content\/uploads\/2026\/02\/1961-HillmanMinxIIIC-1024x768.jpg\" alt=\"\" class=\"wp-image-112\" srcset=\"https:\/\/www.yuri.dk\/wp-content\/uploads\/2026\/02\/1961-HillmanMinxIIIC-1024x768.jpg 1024w, https:\/\/www.yuri.dk\/wp-content\/uploads\/2026\/02\/1961-HillmanMinxIIIC-300x225.jpg 300w, https:\/\/www.yuri.dk\/wp-content\/uploads\/2026\/02\/1961-HillmanMinxIIIC-768x576.jpg 768w, https:\/\/www.yuri.dk\/wp-content\/uploads\/2026\/02\/1961-HillmanMinxIIIC-1536x1152.jpg 1536w, https:\/\/www.yuri.dk\/wp-content\/uploads\/2026\/02\/1961-HillmanMinxIIIC-2048x1536.jpg 2048w\" sizes=\"auto, (max-width: 1024px) 100vw, 1024px\" \/><\/figure>\n","protected":false},"excerpt":{"rendered":"<p>Biler har altid interesseret mig, og jeg fik ogs\u00e5 hurtigt \u00f8jnene op for motorcykler. I en periode har jeg ogs\u00e5 dyrket veteranknallerter, men det har der i en del \u00e5r ikke v\u00e6ret s\u00e5 meget tid til. Jeg deltager ogs\u00e5 p\u00e5 tr\u00e6f n\u00e5r det er muligt for mig at f\u00e5 tid til det og jeg finder [&hellip;]<\/p>\n","protected":false},"author":1,"featured_media":90,"parent":0,"menu_order":0,"comment_status":"closed","ping_status":"closed","template":"","meta":{"pagelayer_contact_templates":[],"_pagelayer_content":"","footnotes":""},"class_list":["post-109","page","type-page","status-publish","has-post-thumbnail","hentry"],"_links":{"self":[{"href":"https:\/\/www.yuri.dk\/index.php?rest_route=\/wp\/v2\/pages\/109","targetHints":{"allow":["GET"]}}],"collection":[{"href":"https:\/\/www.yuri.dk\/index.php?rest_route=\/wp\/v2\/pages"}],"about":[{"href":"https:\/\/www.yuri.dk\/index.php?rest_route=\/wp\/v2\/types\/page"}],"author":[{"embeddable":true,"href":"https:\/\/www.yuri.dk\/index.php?rest_route=\/wp\/v2\/users\/1"}],"replies":[{"embeddable":true,"href":"https:\/\/www.yuri.dk\/index.php?rest_route=%2Fwp%2Fv2%2Fcomments&post=109"}],"version-history":[{"count":2,"href":"https:\/\/www.yuri.dk\/index.php?rest_route=\/wp\/v2\/pages\/109\/revisions"}],"predecessor-version":[{"id":114,"href":"https:\/\/www.yuri.dk\/index.php?rest_route=\/wp\/v2\/pages\/109\/revisions\/114"}],"wp:featuredmedia":[{"embeddable":true,"href":"https:\/\/www.yuri.dk\/index.php?rest_route=\/wp\/v2\/media\/90"}],"wp:attachment":[{"href":"https:\/\/www.yuri.dk\/index.php?rest_route=%2Fwp%2Fv2%2Fmedia&parent=109"}],"curies":[{"name":"wp","href":"https:\/\/api.w.org\/{rel}","templated":true}]}}